{"id":8404,"date":"2025-11-25T13:27:52","date_gmt":"2025-11-25T10:27:52","guid":{"rendered":"https:\/\/sosyalguvenlik.avrasya.edu.tr\/?page_id=8404"},"modified":"2025-11-25T13:27:53","modified_gmt":"2025-11-25T10:27:53","slug":"program-ogrenim-ciktilari","status":"publish","type":"page","link":"https:\/\/sosyalguvenlik.avrasya.edu.tr\/?page_id=8404","title":{"rendered":"Program \u00d6\u011frenim \u00c7\u0131kt\u0131lar\u0131"},"content":{"rendered":"","protected":false},"excerpt":{"rendered":"","protected":false},"author":1,"featured_media":0,"parent":0,"menu_order":0,"comment_status":"closed","ping_status":"closed","template":"","meta":{"footnotes":""},"class_list":["post-8404","page","type-page","status-publish","hentry"],"_links":{"self":[{"href":"https:\/\/sosyalguvenlik.avrasya.edu.tr\/index.php?rest_route=\/wp\/v2\/pages\/8404","targetHints":{"allow":["GET"]}}],"collection":[{"href":"https:\/\/sosyalguvenlik.avrasya.edu.tr\/index.php?rest_route=\/wp\/v2\/pages"}],"about":[{"href":"https:\/\/sosyalguvenlik.avrasya.edu.tr\/index.php?rest_route=\/wp\/v2\/types\/page"}],"author":[{"embeddable":true,"href":"https:\/\/sosyalguvenlik.avrasya.edu.tr\/index.php?rest_route=\/wp\/v2\/users\/1"}],"replies":[{"embeddable":true,"href":"https:\/\/sosyalguvenlik.avrasya.edu.tr\/index.php?rest_route=%2Fwp%2Fv2%2Fcomments&post=8404"}],"version-history":[{"count":2,"href":"https:\/\/sosyalguvenlik.avrasya.edu.tr\/index.php?rest_route=\/wp\/v2\/pages\/8404\/revisions"}],"predecessor-version":[{"id":8406,"href":"https:\/\/sosyalguvenlik.avrasya.edu.tr\/index.php?rest_route=\/wp\/v2\/pages\/8404\/revisions\/8406"}],"wp:attachment":[{"href":"https:\/\/sosyalguvenlik.avrasya.edu.tr\/index.php?rest_route=%2Fwp%2Fv2%2Fmedia&parent=8404"}],"curies":[{"name":"wp","href":"https:\/\/api.w.org\/{rel}","templated":true}]}}